9
What are the prime factors of 5093?
11, 463
List the prime factors of 27288.
2, 3, 379
What are the prime factors of 181692?
2, 3, 7, 103
What are the prime factors of 3956?
2, 23, 43
What are the prime factors of 85662?
2, 3, 4759
List the prime factors of 6307.
7, 17, 53
What are the prime factors of 1531?
1531
What are the prime factors of 3368?
2, 421
List the prime factors of 1971.
3, 73
What are the prime factors of 4458?
2, 3, 743
List the prime factors of 933.
3, 311
List the prime factors of 92350.
2, 5, 1847
What are the prime factors of 1225?
5, 7
What are the prime factors of 2623?
43, 61
What are the prime factors of 13705?
5, 2741
What are the prime factors of 60?
2, 3, 5
List the prime factors of 3962.
2, 7, 283
What are the prime factors of 1540?
2, 5, 7, 11
List the prime factors of 11688.
2, 3, 487
List the prime factors of 773.
773
What are the prime factors of 13461?
3, 7, 641
What are the prime factors of 228?
2, 3, 19
List the prime factors of 1488.
2, 3, 31
What are the prime factors of 1944?
2, 3
What are the prime factors of 955?
5, 191
List the prime factors of 9941.
9941
What are the prime factors of 7540?
2, 5, 13, 29
What are the prime factors of 3749?
23, 163
List the prime factors of 126.
2, 3, 7
List the prime factors of 15816.
2, 3, 659
What are the prime factors of 18344?
2, 2293
What are the prime factors of 5831?
7, 17
List the prime factors of 13352.
2, 1669
List the prime factors of 6391.
7, 11, 83
List the prime factors of 1635.
3, 5, 109
List the prime factors of 94307.
94307
List the prime factors of 1644.
2, 3, 137
List the prime factors of 1680.
2, 3, 5, 7
List the prime factors of 21133.
7, 3019
List the prime factors of 8434.
2, 4217
What are the prime factors of 1935?
3, 5, 43
List the prime factors of 668.
2, 167
What are the prime factors of 42061?
42061
List the prime factors of 22728.
2, 3, 947
What are the prime factors of 610?
2, 5, 61
What are the prime factors of 2783?
11, 23
What are the prime factors of 32509?
19, 29, 59
What are the prime factors of 1644?
2, 3, 137
What are the prime factors of 893?
19, 47
List the prime factors of 18177.
3, 73, 83
List the prime factors of 1354.
2, 677
What are the prime factors of 2360?
2, 5, 59
What are the prime factors of 704?
2, 11
What are the prime factors of 35616?
2, 3, 7, 53
What are the prime factors of 7230?
2, 3, 5, 241
What are the prime factors of 984?
2, 3, 41
List the prime factors of 141.
3, 47
What are the prime factors of 13901?
13901
List the prime factors of 1809.
3, 67
List the prime factors of 60324.
2, 3, 11, 457
List the prime factors of 1358.
2, 7, 97
What are the prime factors of 3343?
3343
List the prime factors of 1119.
3, 373
List the prime factors of 10.
2, 5
List the prime factors of 5424.
2, 3, 113
What are the prime factors of 14971?
11, 1361
What are the prime factors of 5024?
2, 157
List the prime factors of 28468.
2, 11, 647
What are the prime factors of 38522?
2, 11, 17, 103
What are the prime factors of 1854?
2, 3, 103
What are the prime factors of 648?
2, 3
What are the prime factors of 79303?
7, 11329
List the prime factors of 4393.
23, 191
List the prime factors of 15410.
2, 5, 23, 67
What are the prime factors of 16413?
3, 5471
What are the prime factors of 1204?
2, 7, 43
What are the prime factors of 116117?
83, 1399
What are the prime factors of 7350?
2, 3, 5, 7
What are the prime factors of 10632?
2, 3, 443
List the prime factors of 351.
3, 13
What are the prime factors of 1826?
2, 11, 83
List the prime factors of 78537.
3, 47, 557
List the prime factors of 8395.
5, 23, 73
What are the prime factors of 14913?
3, 1657
What are the prime factors of 4774?
2, 7, 11, 31
What are the prime factors of 6526?
2, 13, 251
List the prime factors of 2992.
2, 11, 17
List the prime factors of 2425.
5, 97
What are the prime factors of 37274?
2, 18637
List the prime factors of 59.
59
List the prime factors of 5367.
3, 1789
List the prime factors of 6546.
2, 3, 1091
List the prime factors of 57628.
2, 14407
List the prime factors of 7633.
17, 449
What are the prime factors of 4547?
4547
What are the prime factors of 1167?
3, 389
What are the prime factors of 12322?
2, 61, 101
What are the prime factors of 2718?
2, 3, 151
What are the prime factors of 965?
5, 193
What are the prime factors of 81429?
3, 27143
List the prime factors of 3730.
2, 5, 373
List the prime factors of 23394.
2, 3, 7, 557
List the prime factors of 63044.
2, 15761
List the prime factors of 9371.
9371
List the prime factors of 29051.
11, 19, 139
What are the prime factors of 2552?
2, 11, 29
List the prime factors of 32487.
3, 7, 13, 17
What are the prime factors of 15293?
41, 373
List the prime factors of 3769.
3769
What are the prime factors of 34854?
2, 3, 37, 157
What are the prime factors of 5356?
2, 13, 103
List the prime factors of 5354.
2, 2677
List the prime factors of 36137.
36137
What are the prime factors of 554?
2, 277
What are the prime factors of 2734?
2, 1367
What are the prime factors of 100662?
2, 3, 19, 883
List the prime factors of 48010.
2, 5, 4801
List the prime factors of 299.
13, 23
What are the prime factors of 9049?
9049
What are the prime factors of 46774?
2, 7, 13, 257
List the prime factors of 303.
3, 101
List the prime factors of 66645.
3, 5, 1481
What are the prime factors of 87380?
2, 5, 17, 257
List the prime factors of 1234.
2, 617
What are the prime factors of 29401?
29401
What are the prime factors of 3641?
11, 331
What are the prime factors of 815?
5, 163
What are the prime factors of 2986?
2, 1493
List the prime factors of 72640.
2, 5, 227
List the prime factors of 7684.
2, 17, 113
What are the prime factors of 3268?
2, 19, 43
List the prime factors of 10395.
3, 5, 7, 11
List the prime factors of 1236.
2, 3, 103
List the prime factors of 49552.
2, 19, 163
List the prime factors of 5219.
17, 307
List the prime factors of 49610.
2, 5, 11, 41
What are the prime factors of 6990?
2, 3, 5, 233
List the prime factors of 1218.
2, 3, 7, 29
List the prime factors of 714.
2, 3, 7, 17
List the prime factors of 1661.
11, 151
What are the prime factors of 1560?
2, 3, 5, 13
What are the prime factors of 99414?
2, 3, 7, 263
List the prime factors of 110.
2, 5, 11
List the prime factors of 671.
11, 61
List the prime factors of 8735.
5, 1747
List the prime factors of 8330.
2, 5, 7, 17
What are the prime factors of 1226?
2, 613
List the prime factors of 5204.
2, 1301
What are the prime factors of 29761?
29761
List the prime factors of 1914.
2, 3, 11, 29
What are the prime factors of 14148?
2, 3, 131
What are the prime factors of 244?
2, 61
List the prime factors of 72037.
7, 41, 251
What are the prime factors of 3129?
3, 7, 149
List the prime factors of 21268.
2, 13, 409
List the prime factors of 61387.
17, 23, 157
List the prime factors of 16248.
2, 3, 677
What are the prime factors of 6184?
2, 773
List the prime factors of 4459.
7, 13
What are the prime factors of 3110?
2, 5, 311
What are the prime factors of 7245?
3, 5, 7, 23
What are the prime factors of 13008?
2, 3, 271
What are the prime factors of 98335?
5, 71, 277
What are the prime factors of 1296?
2, 3
What are the prime factors of 1731?
3, 577
What are the prime factors of 25795?
5, 7, 11, 67
List the prime factors of 98111.
13, 7547
List the prime factors of 4239.
3, 157
List the prime factors of 3295.
5, 659
List the prime factors of 34930.
2, 5, 7, 499
What are the prime factors of 2000?
2, 5
What are the prime factors of 1750?
2, 5, 7
What are the prime factors of 615?
3, 5, 41
What are the prime factors of 24940?
2, 5, 29, 43
List the prime factors of 6760.
2, 5, 13
What are the prime factors of 1809?
3, 67
What are the prime factors of 641?
641
List the prime factors of 36252.
2, 3, 19, 53
List the prime factors of 1053.
3, 13
List the prime factors of 9094.
2, 4547
What are the prime factors of 39292?
2, 11, 19, 47
List the prime factors of 4237.
19, 223
List the prime factors of 54616.
2, 6827
What are the prime factors of 850?
2, 5, 17
List the prime factors of 60.
2, 3, 5
What are the prime factors of 14528?
2, 227
What are the prime factors of 18767?
7, 383
List the prime factors of 60878.
2, 61, 499
What are the prime factors of 544?
2, 17
What are the prime